n factor of 65 and 10?
5
Calculate the highest common factor of 105 and 252.
21
What is the highest common factor of 192 and 6?
6
What is the greatest common divisor of 192 and 2592?
96
What is the highest common divisor of 592 and 74?
74
Calculate the greatest common factor of 18 and 288.
18
Calculate the greatest common divisor of 15640 and 17.
17
What is the highest common factor of 104 and 6?
2
Calculate the highest common factor of 170 and 1955.
85
What is the greatest common divisor of 5264 and 56?
56
Calculate the highest common divisor of 8127 and 7.
7
What is the highest common factor of 1071 and 117?
9
Calculate the highest common factor of 2074 and 34.
34
Calculate the greatest common divisor of 60566 and 22.
22
What is the highest common factor of 3695 and 5?
5
Calculate the highest common factor of 3042 and 36.
18
Calculate the highest common divisor of 49 and 77.
7
Calculate the highest common factor of 330 and 440.
110
What is the greatest common divisor of 19 and 95?
19
What is the highest common factor of 3534 and 114?
114
Calculate the greatest common factor of 4332 and 38.
38
What is the greatest common divisor of 15 and 90?
15
What is the greatest common factor of 122 and 122?
122
What is the highest common factor of 8 and 268?
4
What is the highest common divisor of 30 and 810?
30
Calculate the highest common divisor of 3 and 2094.
3
Calculate the highest common divisor of 74 and 592.
74
What is the highest common divisor of 81 and 153?
9
What is the highest common factor of 45 and 240?
15
Calculate the greatest common factor of 114 and 282.
6
Calculate the greatest common divisor of 60 and 1020.
60
What is the greatest common factor of 357 and 1029?
21
What is the greatest common factor of 6 and 2202?
6
What is the highest common factor of 77 and 1969?
11
Calculate the greatest common divisor of 10 and 5195.
5
What is the greatest common divisor of 4280 and 150?
10
Calculate the highest common divisor of 6 and 366.
6
Calculate the highest common factor of 126 and 14.
14
What is the greatest common divisor of 135 and 35?
5
Calculate the greatest common factor of 3 and 3.
3
Calculate the highest common factor of 33242 and 22.
22
What is the highest common factor of 580 and 20?
20
What is the highest common factor of 4980 and 3652?
332
What is the highest common divisor of 54 and 30?
6
Calculate the highest common factor of 3 and 213.
3
What is the highest common divisor of 82 and 9266?
82
What is the greatest common divisor of 2774 and 38?
38
Calculate the highest common factor of 40 and 8.
8
What is the greatest common divisor of 3696 and 32?
16
What is the greatest common divisor of 152 and 24?
8
Calculate the greatest common divisor of 63 and 8715.
21
Calculate the highest common divisor of 126 and 2331.
63
Calculate the highest common divisor of 16 and 112.
16
Calculate the highest common factor of 21 and 81.
3
Calculate the greatest common divisor of 94 and 1927.
47
Calculate the greatest common factor of 474 and 12.
6
Calculate the greatest common divisor of 3809 and 13.
13
Calculate the highest common factor of 2190 and 30.
30
What is the greatest common divisor of 52 and 3588?
52
What is the highest common divisor of 264 and 2156?
44
Calculate the highest common divisor of 146 and 5986.
146
What is the highest common divisor of 154 and 56?
14
What is the greatest common divisor of 6177 and 87?
87
Calculate the highest common divisor of 95 and 285.
95
Calculate the greatest common divisor of 64 and 2144.
32
Calculate the greatest common factor of 19 and 1387.
19
Calculate the greatest common factor of 3 and 14979.
3
Calculate the greatest common divisor of 1644 and 24.
12
Calculate the highest common divisor of 96 and 672.
96
What is the greatest common factor of 128 and 32?
32
Calculate the greatest common factor of 235 and 10.
5
Calculate the greatest common factor of 901 and 357.
17
What is the greatest common divisor of 161 and 14?
7
Calculate the highest common factor of 27 and 261.
9
What is the highest common factor of 91368 and 81?
81
Calculate the highest common factor of 286 and 4.
2
Calculate the greatest common divisor of 16989 and 105.
21
What is the highest common divisor of 62 and 1085?
31
What is the greatest common divisor of 18 and 45?
9
What is the greatest common factor of 140 and 210?
70
Calculate the greatest common divisor of 17 and 289.
17
Calculate the greatest common factor of 252 and 1575.
63
Calculate the greatest common divisor of 3021 and 57.
57
Calculate the greatest common factor of 5017 and 173.
173
Calculate the highest common divisor of 102 and 12.
6
What is the highest common factor of 189 and 189?
189
Calculate the highest common factor of 51 and 3.
3
Calculate the highest common divisor of 91 and 49.
7
What is the greatest common divisor of 24 and 96?
24
Calculate the greatest common factor of 1178 and 62.
62
What is the greatest common factor of 598 and 364?
26
What is the highest common divisor of 9 and 10449?
9
What is the highest common divisor of 208 and 52?
52
Calculate the highest common factor of 705 and 12925.
235
Calculate the greatest common factor of 41 and 5371.
41
Calculate the highest common factor of 255 and 102.
51
What is the highest common divisor of 8 and 22136?
8
What is the highest common divisor of 819 and 182?
91
Calculate the highest common factor of 387 and 2451.
129
What is the highest common divisor of 32 and 20?
4
What is the greatest common divisor of 2666 and 62?
62
Calculate the greatest common factor of 3546 and 90.
18
Calculate the highest common divisor of 35 and 35.
35
Calculate the highest common divisor of 17 and 68.
17
Calculate the highest common factor of 66 and 1122.
66
What is the highest common divisor of 174 and 75342?
174
What is the highest common divisor of 77 and 7?
7
Calculate the highest common divisor of 53 and 7261.
53
Calculate the highest common factor of 2375 and 125.
125
Calculate the highest common factor of 1260 and 56.
28
What is the greatest common factor of 104 and 65?
13
What is the highest common factor of 1984 and 184?
8
Calculate the highest common factor of 97 and 33853.
97
Calculate the greatest common factor of 7480 and 544.
136
Calculate the greatest common divisor of 6683 and 82.
41
What is the greatest common factor of 4710 and 30?
30
What is the greatest common factor of 54 and 153?
9
Calculate the highest common factor of 348 and 12.
12
What is the highest common factor of 21 and 17213?
7
What is the greatest common factor of 231 and 6160?
77
What is the greatest common divisor of 21 and 7?
7
What is the greatest common divisor of 9559 and 968?
121
Calculate the highest common factor of 51 and 187.
17
What is the highest common factor of 88 and 16?
8
What is the highest common factor of 497 and 3124?
71
What is the highest common factor of 952 and 2108?
68
Calculate the greatest common factor of 13 and 1469.
13
What is the greatest common factor of 1035 and 22080?
345
What is the greatest common factor of 26 and 754?
26
Calculate the greatest common factor of 2025 and 81.
81
What is the greatest common factor of 94 and 1786?
94
What is the highest common factor of 44 and 1700?
4
What is the highest common divisor of 18 and 18?
18
Calculate the greatest common factor of 20 and 26430.
10
What is the greatest common divisor of 3725 and 894?
149
What is the highest common factor of 134 and 201?
67
Calculate the greatest common factor of 650 and 50.
50
Calculate the highest common factor of 21 and 9219.
21
What is the highest common factor of 100 and 1550?
50
Calculate the highest common factor of 93 and 51.
3
What is the highest common divisor of 803 and 511?
73
Calculate the greatest common factor of 96 and 21792.
96
What is the greatest common divisor of 4770 and 6?
6
What is the greatest common factor of 32 and 1296?
16
What is the greatest common divisor of 1128 and 24?
24
Calculate the highest common divisor of 7 and 917.
7
Calculate the highest common factor of 87 and 406.
29
What is the greatest common divisor of 286 and 583?
11
What is the highest common factor of 40 and 5?
5
What is the greatest common factor of 7144 and 1368?
152
What is the greatest common divisor of 1166 and 2226?
106
Calculate